2*k + r*k - 2456. Is k a composite number?
False
Let q = 127 - 115. Let d(y) = 122*y - 53. Is d(q) a prime number?
False
Let l = -2054 - -2899. Suppose 50*c = 45*c + l. Is c a prime number?
False
Let n be 2/(-12)*-3*0 + 1. Let a(c) = -c - 1. Let v be a(-2). Is (v + n)*(-301)/(-2) a prime number?
False
Let h be (-2 + 5)/(-3)*-9. Let a(p) = p**3 + h + 4*p + 2*p - 4. Is a(6) composite?
False
Let c(w) = 84*w**2 + 6*w + 53. Is c(10) a prime number?
True
Let k(i) = 63*i**2 + 18*i - 10. Is k(5) a composite number?
True
Let o = 471 + -157. Suppose 5*y + 850 = 4*f - o, -3*f + 868 = -5*y. Suppose -2*a - j - j + f = 0, -146 = -a - 3*j. Is a composite?
False
Let i(l) = 32*l + 19*l - 7 - 3*l. Let f be (-6)/(-2) + 0 + -1. Is i(f) a composite number?
False
Suppose -4*u = -17214 - 24494. Is u a composite number?
False
Let x be (18/(-45))/((-2)/10). Suppose -4103 = -3*q + 4*l, -2707 = -x*q - 2*l - l. Is q composite?
False
Suppose -58*s - 10*s = -4116788. Is s prime?
False
Let r be ((-606)/5)/((-57)/(-20) - 3). Let x = r + -545. Is x composite?
False
Let n be -3 + -1 + 108 - -4. Let o(f) = -82*f - n*f + 9 - 34*f. Is o(-8) a prime number?
True
Suppose 2*y = -0*y + 296. Suppose 7*w - y = 5*w - 2*m, 0 = -3*w + 2*m + 222. Suppose 5*d - 259 = -w. Is d composite?
False
Let n be 60*4/(-10)*11. Is (n/16)/(2/(-4)) prime?
False
Let j(s) = 3*s - 3. Let d be j(5). Let v be 4*(d/8 - 0). Is (141/(v/(-2)))/(-1) a prime number?
True
Is (95459/(-14) + -2)*(-2)/3 a prime number?
True
Let l(x) = 20*x**2 + 15*x - 7. Suppose -3*m = 3*h - 0*h + 3, -2*m = -h - 16. Is l(h) a composite number?
True
Is 7197689/138 - 2*(-2)/(-24) prime?
False
Let d be (-68)/(-1) - (-6)/6. Let s be 3/(-18) + d/(-18). Is ((-47)/s)/((-11)/(-132)) composite?
True
Let x be ((-8)/(-6))/((-2)/3)*1. Let v = 13 + -7. Is ((-435)/v)/(x/4) composite?
True
Let k be 18/5 + 3/(-5). Suppose 0 = -s + k*b - 7, 4*b + 7 - 59 = -4*s. Is ((-743)/(-4))/(s/32) composite?
False
Suppose 9*o - 10*o + 2767 = 0. Is o a prime number?
True
Suppose -q = -c - 8, -4*q + 0*c + 5*c = -37. Let u = 7 - q. Suppose -s = u*i - 95, 5*s - 20 = -i + 18. Is i composite?
False
Let j(s) = 12*s + 15. Let k(n) = 13*n + 16. Suppose a + 4 + 2 = 0. Let c(r) = a*k(r) + 7*j(r). Is c(17) a composite number?
True
Suppose -m = -p - 13148, -3*m + 2*p = -3*p - 39434. Is m composite?
True
Let z(a) = 572*a**3 + a - 2. Let g be (-1)/1*(-6 + 5). Is z(g) a prime number?
True
Let u be 84 - (0 - -2)/(-2). Suppose -g + 4*f + u = -92, 0 = 4*f - 8. Is g composite?
True
Suppose -4*a = 354077 + 74975. Is a/(-52) - (-2)/8 prime?
True
Suppose 4*w + 44 = -4*d + 20556, 2*d = 2*w + 10260. Is d composite?
True
Suppose -72988 = -6*l + 121418. Is l prime?
True
Suppose 2*u - 105172 = -4*t - 15330, -5*u = -5*t + 112340. Is t composite?
True
Let p(a) = -456*a - 4. Let o be p(-7). Is ((-5)/10)/(((-14)/o)/7) prime?
True
Suppose 52628 = 1162*d - 1158*d. Is d a composite number?
True
Suppose q = -4*d + 605, 3185 = 4*q - 3*d + 670. Suppose -q = -k + 3*m, 2*k = 3*k - 4*m - 623. Is k composite?
False
Is ((-4329)/74 - (-2)/(-4))*-37 a prime number?
False
Let z = -73260 + 132311. Is z a composite number?
False
Suppose 0 = 5*o + 2*b + 2, 5*o - b = -7 - 7. Let h = 1 - o. Suppose -h*u + 542 = -5*a, -4*u + 718 = 2*a - 4*a. Is u composite?
False
Suppose -10614 - 27280 = -2*y. Is y a prime number?
True
Let z be (-42 + -3)*(-18)/45. Let w = -257 - -372. Let i = w - z. Is i composite?
False
Let b = 7 + -9. Let r be 3/(-2) + (-9)/b. Suppose -w = -2*m - 105, 0*w - w = r*m - 130. Is w a composite number?
True
Is (3/(-4) - 1)/(42/(-331464)) a prime number?
False
Is (-49090)/(-12) - 13/(-78) a composite number?
False
Let v be (258/(-8))/((-2)/(-112)). Let f = -975 - v. Is f a composite number?
True
Let z be 2/(-4) - 724/(-8). Suppose p - 1 = 3*t + 29, 0 = 3*p + 3*t - z. Suppose 0 = -2*m - 4*a + p, -m - 3*a + 4*a = -27. Is m composite?
False
Suppose 5*x = -4*y - 1471, 0*x + 5*y - 562 = 2*x. Let s = 482 + x. Is s composite?
False
Let y(l) = -112*l**3 - 2*l - 1. Let c(m) = 2*m + 43. Let f be c(-22). Is y(f) prime?
True
Suppose 3*d - 46 = 4*h + 154, 0 = -5*d - 2*h + 290. Suppose 3*q - d = -2*q. Is 5396/q - (-8)/6 a prime number?
False
Let o = 1832 + -177. Is o a composite number?
True
Suppose -4*o - 4*n + 2691 + 297 = 0, 0 = 3*o - 5*n - 2273. Is o prime?
True
Suppose 0 = -r - 3*u - u - 5126, -5*u + 5081 = -r. Is r/3*(-2)/4 a composite number?
True
Suppose t = -3*t + 180. Let g be (20/15)/((-2)/t). Let w = g - -85. Is w a composite number?
True
Suppose -1541*k + 97816 = -1533*k. Is k prime?
True
Let j = -17367 + 25156. Is j prime?
True
Let h(s) = 261*s - 25. Let y be h(14). Suppose 3*p - 5*d - y = 0, 0 = 5*p - 4*d + 3*d - 6063. Is p composite?
False
Let d(l) = l**3 + 4*l**2 - 7*l. Let x be d(-5). Let q be (-4)/x - (-6660)/25. Is q/18 + (-6)/(-27) composite?
True
Suppose 3*p + 5*r = 12608, -6*p + 21002 = -p - 3*r. Is p prime?
True
Let b = 1091 - -56. Is b a prime number?
False
Let v(a) = -6*a**3 - 3*a**2 - 16*a - 19. Let d(l) = -5*l**3 - 3*l**2 - 15*l - 18. Let t(r) = 5*d(r) - 4*v(r). Is t(-9) prime?
True
Let p = -2427 + 4274. Is p a prime number?
True
Let k(m) = 133*m - 4. Let q be k(2). Let d = q - 85. Is d a composite number?
True
Let o(j) = -75*j**2 - 11*j - 12. Let q be o(8). Let v = -1389 - q. Is v prime?
True
Let l(h) = -h - 15. Let m be l(-7). Is (m/(-2))/((-4)/(-142)) - -1 composite?
True
Let h = 70881 + -33608. Is h a composite number?
False
Suppose -b + 2247 = 5*i, -4*b + 291*i - 295*i + 8956 = 0. Is b a composite number?
False
Let n = 38177 - 23496. Is n a prime number?
False
Is ((-16965)/(-10))/((-24)/(-128)) + -7 a composite number?
False
Suppose 0 = 4*q + 4137 - 577. Let j = 1563 + q. Is j composite?
False
Let j(o) = -4*o**3 - 4*o**2 - 4*o - 5. Let u(p) = 2*p + 5. Let c be u(-5). Is j(c) a prime number?
False
Suppose 5*o - 4*i = 43967, -71*i + 17576 = 2*o - 69*i. Is o a prime number?
False
Let f be (-7 - 3)*2/(-4). Suppose -4*w - 17 = -f. Is (690/9)/(-2)*w a prime number?
False
Suppose 0 = 15*v + 3866 - 26756. Suppose 4*s + u - 256 - v = 0, -3*s + 1345 = 5*u. Is s composite?
True
Let n = 5831 - -366. Is n a prime number?
True
Is 20/(-30)*(2 - 54075/6) a composite number?
False
Suppose 0 = 2433*k - 2432*k - 3803. Is k composite?
False
Suppose 23*v = 129337 + 393476. Is v composite?
True
Let l(y) = -4*y**3 + 6*y**2 + 15*y - 2. Let g be l(-6). Suppose -5*w + 2505 = 5*k, -10*k + 15*k + g = 2*w. Is w a prime number?
True
Let y be 1*-5 - (-21 - -12). Is (-7 + y)/((-9)/(-804)*-2) prime?
False
Suppose 6*y - 861 = 3*y. Is y composite?
True
Is (6 - 7)/(1/(-1535)) a prime number?
False
Let g = 31 - -58. Suppose 0*n + n - g = 0. Is n prime?
True
Suppose 0 = 5*i + 10439 - 53644. Is i prime?
True
Suppose 4*t - 792 = -0. Suppose 2*z - 224 - 494 = 0. Let i = z - t. Is i a composite number?
True
Suppose 2*y = -3*y - 430. Let d = 30 - 45. Let k = d - y. Is k a prime number?
True
Let y = 7933 - 1126. Is y a prime number?
False
Let x = 14217 + -6580. Let o = x - 3384. Is o a composite number?
False
Suppose -7*q - 4*y + 3785 = -6*q, 0 = 2*y + 4. Is q composite?
False
Let b = 18 + -14. Is -2 - (-4 + b) - -339 composite?
False
Let b be ((-24)/(-9))/((-2)/(-9)). Let a(x) = 5*x - b - 2*x + 7. Is a(14) prime?
True
Suppose -2*x - 351 = x + 3*v, -4*v = 2*x + 230. Let s = x + 258. Let h = -53 + s. Is h composite?
True
Suppose 247760 = 3*y - 3*n + 18731, y - 5*n = 76343. Is y a composite number?
False
Is 2/(-14) - (-3 - 383046/42) a prime number?
False
Suppose 5*v - 31850 = 3*i, 3*v - 19129 = 4*i - 6*i. Is v a composite number?
False
Suppose 2*v = -7*v + 9891. Is v a composite number?
True
Let g = 30 + -23. Let m(r) = r**2 - 5*r + 4. Let a be m(g). Let q = 55 - a. Is q prime?
True
Let j = -264 + 168. Let n = 164 + j. Let v = n - -29. Is v prime?
True
Let l be (-10 - -8)*(-249 + -1). Suppose -4*w + 2*u = -l - 816, -w - 2*u + 329 = 0. Is w composite?
True
Let g = 28542 - 16529. Is g composite?
True
Suppose -953 = 3*h - 4*h + 5*k, -3*h + 5*k + 2859 = 0. Is h a composite number?
False
Let r = 112 - 102. Suppose 0 = -r*o + 8*o + 2702. Is o prime?
False
Let t = 156 + -146. Suppose 1381 = -9*q + t*q. Is q a composite number?
False
Suppose r + 188 = -2*r - d, 208 = -3*r + 4*d. Suppose 315 = 5*y - 270. Let i = r + y. Is i composit